{"id":2656,"date":"2020-05-13T22:43:08","date_gmt":"2020-05-13T20:43:08","guid":{"rendered":"https:\/\/glabmilano.it\/product\/etagere-bgnt-copia\/"},"modified":"2020-05-13T22:43:08","modified_gmt":"2020-05-13T20:43:08","slug":"etagere-bgnt-copia","status":"publish","type":"product","link":"https:\/\/glabmilano.it\/en\/shop\/product\/etagere-bgnt-copia\/","title":{"rendered":"Mobili contenitori tessuti"},"content":{"rendered":"<div class=\"jhH5U\">\n<div id=\"tw-ob\" class=\"tw-src-ltr\">\n<div class=\"oSioSc\">\n<div id=\"tw-target\">\n<div id=\"kAz1tf\" class=\"g9WsWb\">\n<div id=\"tw-target-text-container\" class=\"tw-ta-container hide-focus-ring tw-nfl\" tabindex=\"0\">\n<p id=\"tw-target-text\" class=\"tw-data-text tw-text-large XcVN5d tw-ta\" dir=\"ltr\" data-placeholder=\"Traduzione\"><span lang=\"en\">Gu\u00e9ridon in black iron with laser cut fabric patterns<\/span><\/p>\n<\/div>\n<\/div>\n<\/div>\n<\/div>\n<\/div>\n<\/div>\n<p>Measures:<br \/>\nS \u00f845 h 43 cm<br \/>\nM \u00f855 h 55 cm<br \/>\nL \u00f840 h 90 cm<\/p>\n","protected":false},"excerpt":{"rendered":"<p>Gu\u00e9ridon in black iron with laser cut fabric patterns Measures: S \u00f845 h 43 cm M \u00f855 h 55 cm L \u00f840 h 90 cm<\/p>\n","protected":false},"featured_media":2160,"template":"","meta":{"_acf_changed":false,"rank_math_lock_modified_date":false,"inline_featured_image":false},"product_cat":[496],"product_tag":[],"class_list":["post-2656","product","type-product","status-publish","has-post-thumbnail","hentry","product_cat-container-furniture"],"acf":[],"_links":{"self":[{"href":"https:\/\/glabmilano.it\/en\/wp-json\/wp\/v2\/product\/2656"}],"collection":[{"href":"https:\/\/glabmilano.it\/en\/wp-json\/wp\/v2\/product"}],"about":[{"href":"https:\/\/glabmilano.it\/en\/wp-json\/wp\/v2\/types\/product"}],"wp:featuredmedia":[{"embeddable":true,"href":"https:\/\/glabmilano.it\/en\/wp-json\/wp\/v2\/media\/2160"}],"wp:attachment":[{"href":"https:\/\/glabmilano.it\/en\/wp-json\/wp\/v2\/media?parent=2656"}],"wp:term":[{"taxonomy":"product_cat","embeddable":true,"href":"https:\/\/glabmilano.it\/en\/wp-json\/wp\/v2\/product_cat?post=2656"},{"taxonomy":"product_tag","embeddable":true,"href":"https:\/\/glabmilano.it\/en\/wp-json\/wp\/v2\/product_tag?post=2656"}],"curies":[{"name":"wp","href":"https:\/\/api.w.org\/{rel}","templated":true}]}}

<div class="jhH5U">
<div id="tw-ob" class="tw-src-ltr">
<div class="oSioSc">
<div id="tw-target">
<div id="kAz1tf" class="g9WsWb">
<div id="tw-target-text-container" class="tw-ta-container hide-focus-ring tw-nfl" tabindex="0">
<p id="tw-target-text" class="tw-data-text tw-text-large XcVN5d tw-ta" dir="ltr" data-placeholder="Traduzione"><span lang="en">Guéridon in black iron with laser cut fabric patterns</span></p>
</div>
</div>
</div>
</div>
</div>
</div>
<p>Measures:<br />
S ø45 h 43 cm<br />
M ø55 h 55 cm<br />
L ø40 h 90 cm</p>

<p>Guéridon in black iron with laser cut fabric patterns Measures: S ø45 h 43 cm M ø55 h 55 cm L ø40 h 90 cm</p>
